u*a = -4*t - 56, -t - t = -3*a + 41. List the prime factors of a.
13
Let v(p) = -p - 2. Let b be v(-3). Suppose 5*u - 29 = b. What are the prime factors of u?
2, 3
Let d = 142 + -86. Let m = d - 38. What are the prime factors of m?
2, 3
Let a be ((-15)/20)/(1/8). Let v = 12 + a. List the prime factors of v.
2, 3
List the prime factors of (0 - 1)*-7*7.
7
Suppose -5*p + 4*i = 41, -2*i - i + 7 = p. Suppose 0 = -3*f + 3*z - 18, -3*f + 1 = z - 1. Let x = f - p. What are the prime factors of x?
2
Suppose 3*g = 9, -4*l + 5*l - 27 = -4*g. List the prime factors of l.
3, 5
Suppose 2 + 19 = 3*o. Let p = -5 + o. Suppose -b + p = -7. What are the prime factors of b?
3
Suppose 0 = 5*n + 10 - 160. What are the prime factors of n?
2, 3, 5
Suppose -3*k = -0*f + 2*f - 63, k + 147 = 4*f. Suppose -2*c - f = 2*c. Let o = 1 - c. List the prime factors of o.
2, 5
Suppose -12 = -5*h + 8. Suppose 4*k + 0*k + 4*o = 64, h*k = 2*o + 64. What are the prime factors of k?
2
Let v = 6 - 11. What are the prime factors of (-2)/((-1)/v*-2)?
5
Suppose 0 = 2*n + 2. Let f(u) = -3*u + 1. Let t be f(1). What are the prime factors of t/(4/6 + n)?
2, 3
Let u(g) = g**3 + g**2 + g + 1. Let k be u(-1). Suppose -3*f + k*f + 36 = 0. List the prime factors of f.
2, 3
Suppose -8*b - 40 = -800. What are the prime factors of b?
5, 19
Let r = 28 + -19. List the prime factors of -5*(r/(-3))/3.
5
Suppose -4*i = 2*n + 12, 3*n + 0 + 9 = -3*i. What are the prime factors of (i + 27/(-12))*-4?
3, 7
Let u(i) = 4*i - 8*i + 3*i + 3*i**2 + i**3. Let x = -3 + 0. What are the prime factors of u(x)?
3
Let u be ((-4)/6)/(7/(-42)). Suppose -6*m + 3*m - u*z + 72 = 0, m - 24 = -4*z. What are the prime factors of m?
2, 3
Let x = 23 + -8. List the prime factors of x.
3, 5
Suppose -4*c = -0*c + 68. Let g = c + 29. List the prime factors of g.
2, 3
List the prime factors of -4*(350/4)/(-7).
2, 5
Suppose -4*p + 6 - 271 = -3*j, -p = 4*j - 366. What are the prime factors of j?
7, 13
Let o = -3 + 11. Suppose -b + 12 = -o. List the prime factors of b.
2, 5
Let u(x) = 0*x - 2*x**2 + 5*x**3 - 4*x**3 + x + 2. Let t be u(2). Suppose -4*b = 2*g - 5*g + 23, t*g = 2*b + 34. What are the prime factors of g?
3
Suppose -3*v - 16 = -7*v. Suppose -2*t + v = -6. Suppose 4*y - m - 48 = 0, -3*y - t*m = y - 48. List the prime factors of y.
2, 3
Let u(n) = 11*n**3 - 2*n**2 - n. What are the prime factors of u(2)?
2, 3, 13
Suppose 80 = x - 3*f, -2*x - 3*f = -0*f - 187. Suppose 11 = 5*n - x. List the prime factors of n/(-2)*(0 - 1).
2, 5
Let d(x) = 50*x + 70. Let n(w) = 7*w + 10. Let s(t) = -3*d(t) + 20*n(t). List the prime factors of s(-4).
2, 3, 5
Suppose 4*b - 201 = 51. List the prime factors of b.
3, 7
Let u = -303 - -761. What are the prime factors of u?
2, 229
Suppose 45 = 3*r + 5*f, -18 + 3 = -r - 3*f. Let z = r + 4. What are the prime factors of z?
19
Let s(k) = -k**2 + 7*k + 4. Let t be s(7). Suppose 0 = -5*m - 4*b + 31 + 40, 28 = t*m - 4*b. Let q = m + 1. What are the prime factors of q?
2, 3
Let n be 16/6 - 4/6. Suppose -n*f + 1 = -3. Suppose -26 = f*y - 4*y + 2*l, -2*y - 5*l = 9. List the prime factors of y.
2
Suppose 4*k - 39 + 7 = 0. Let w be k*((-6)/(-4) + 0). Suppose -v = 2*v - w. List the prime factors of v.
2
Suppose 5*q - 2*v + 5*v - 133 = 0, 134 = 5*q + 4*v. List the prime factors of q.
2, 13
Let n(g) = g - 7. Let u be n(0). Suppose -4*r = -36 - 40. Let l = r + u. What are the prime factors of l?
2, 3
Let v be 6/33 + (-42)/(-11). Suppose v*o - o + 27 = 0. Let r = -1 - o. List the prime factors of r.
2
Suppose 12*c = 32*c - 2800. What are the prime factors of c?
2, 5, 7
Let y(j) = 2*j**2 - j - 1. Let g be y(2). Suppose 3*n - g = 1. Suppose -n*q = 2*q - 64. List the prime factors of q.
2
Suppose -2*v - 4*h + 2 = 0, 0*v + 2*v - 4 = -2*h. Let p(d) = -3 - d - v - d. List the prime factors of p(-7).
2
Suppose -14 = 5*u - 5*v + 6, -3*v = u. What are the prime factors of (-78)/u - (0 + -2)?
2, 7
Let f = 17 + -10. List the prime factors of (-2)/f - 116/(-14).
2
Let s(g) = 3*g**2 + 2*g + 9. What are the prime factors of s(6)?
3, 43
Let u = -21 + 53. Let g(q) = q**3 + 4*q**2 - 2*q - 5. Let c be g(-4). Suppose -c*b - 37 = -4*f, -2*b + u = f + 2*f. List the prime factors of f.
2, 5
Let c be (0 - -1)*-4*1. Let a = c - -7. List the prime factors of a.
3
Suppose 0 = -4*n + 49 + 39. Let t = 36 - n. What are the prime factors of t?
2, 7
Suppose -2*i + 4 + 0 = 0. What are the prime factors of i?
2
Suppose -3*i - 1430 = -13*i. List the prime factors of i.
11, 13
Suppose -o = 4*p - 10 - 5, -2*p = -2. What are the prime factors of 266/5 - o/55?
53
Suppose 0*v - 2*v = -284. What are the prime factors of v?
2, 71
Suppose 0 = 5*z - 5*s + 10, 5 + 6 = -z + 4*s. Let a = z - -5. List the prime factors of a.
2, 3
Suppose -4 = -2*i + 6*i. Let d(k) = -4*k**3 + k**2 - k - 1. List the prime factors of d(i).
5
Let t(p) = -3*p**3 - 6*p**2 - 11*p + 14. Let r(a) = 7*a**3 + 12*a**2 + 23*a - 29. Let m(y) = 4*r(y) + 9*t(y). List the prime factors of m(7).
2, 5
Let d(w) = -3 + 2 - 2 + 2*w. List the prime factors of d(7).
11
Let a(w) = w**2 - 1. Suppose 2*m = 24 - 10. What are the prime factors of a(m)?
2, 3
Suppose -5*y - 4*o + 134 = 0, -4*y = -3*o - 17 - 84. What are the prime factors of y?
2, 13
Let r = 2 + 1. Suppose r + 12 = z. List the prime factors of z.
3, 5
Let o = -6 - -18. List the prime factors of o.
2, 3
Let d(q) = q**3 - 7*q**2 + 9*q - 6. Let k be (4/6)/((-2)/(-21)). Let g be (k/(21/(-18)))/(-1). List the prime factors of d(g).
2, 3
Let a = 35 + -20. Let t = 74 - a. List the prime factors of t.
59
Let t be ((-18)/(-21))/((-2)/(-42)). Let u = -12 + t. Let l = u - 1. List the prime factors of l.
5
Suppose 4*t + 396 = 4*b, -b = -t - 2*t - 107. List the prime factors of b.
5, 19
Let j(s) = -s**3 + 7*s**2 - 7*s - 3. Let c be j(6). Let m = 16 + c. What are the prime factors of m?
7
Let f(m) = 2*m - 2*m**2 + 1 + 3*m**2 + 0 - 6*m. What are the prime factors of f(5)?
2, 3
List the prime factors of (258 + 3)*(-2 + 7/3).
3, 29
List the prime factors of ((-6)/7)/((-5)/35).
2, 3
Let i be 1*2*(-1)/(-1). Let j = -6 - -7. Let u = i + j. List the prime factors of u.
3
Suppose -5*o + 4*c + 47 = 0, -4*o + 30 = -o - 3*c. Let d = -4 + o. List the prime factors of 6 - (3/d + -2).
7
Suppose -x = 5*g - 2*x - 945, -g - x + 189 = 0. What are the prime factors of g?
3, 7
Let s(h) = 24*h**2 + 6*h - 2. List the prime factors of s(1).
2, 7
Suppose -3*k - 23 = -z, k + 4*z - 8 - 6 = 0. Let j(i) = -i + 8. Let v be j(0). Let q = v + k. What are the prime factors of q?
2
Let y = 79 + -54. Let z = 45 - y. List the prime factors of z.
2, 5
List the prime factors of ((-2)/(-6))/((-2)/(-174)).
29
List the prime factors of 53 - (-1 - -1) - -3.
2, 7
Let y be (-10)/8 - 9/12. What are the prime factors of -1*(-21 + (y - 0))?
23
Let i(g) = 3*g**2 - 2*g - 2. Let y be i(2). Let d = y + 25. What are the prime factors of d?
31
Suppose n + 0*w - 2*w = 0, 3*w + 18 = -3*n. Let m be (1 - 3)*1 - n. Suppose m*g + o - 2*o = 24, 0 = 5*g + o - 53. What are the prime factors of g?
11
Suppose 3*b + 2*b + 4*v = 12, -4*b = 5*v - 6. Suppose -d + 7 = 4*m, 2*d + b*m = -m + 17. List the prime factors of d.
11
Let a be (-1)/4 + (-5)/(-20). Suppose -3*s - 5 - 4 = a. What are the prime factors of s/(-5)*(1 - -4)?
3
Suppose 3*r + 36 = 4*j, j - 5*j + 5*r + 36 = 0. List the prime factors of j.
3
Let o be -1 + (-1)/(3/(-66)). Suppose -5*u - y - 4 = 0, 5*u - 5 + o = -4*y. Suppose -3*g + 0 + 6 = u, w - 2*g - 4 = 0. List the prime factors of w.
2
Suppose 4*c + 2*z - z - 177 = 0, 5*z - 93 = -2*c. List the prime factors of c.
2, 11
Let d(b) = b**3 - 7*b**2 + 8*b - 3. Let v(g) be the second derivative of -g**3/6 - 3*g**2/2 - g. Let m be v(-9). List the prime factors of d(m).
3
Suppose -4*z = -5*d, 0 = -0*z + 2*z + 4*d. Suppose z = -u - 4 + 28. List the prime factors of u.
2, 3
Suppose 4*x = -2*f + 126, f - 5*x = -8*x + 59. Let i = f - 40. List the prime factors of i.
31
Let o(k) = -8*k + 13. Let c be o(6). Let z = c + 58. List the prime factors of z.
23
Let o(q) = 5*q**2 + 2*q - 5. List the prime factors of o(-4).
67
Suppose 12 = -9*i + 7*i. What are the prime factors of (-274)/(-10) - i/10?
2, 7
Suppose 2*l + 2*j - 108 = 0, 3*l = 4*l + 2*j - 55. List the prime factors of l.
53
Suppose -37 + 97 = 2*f. Let w be 4/(-18) 